{"id":77,"date":"2024-11-18T12:42:25","date_gmt":"2024-11-18T12:42:25","guid":{"rendered":"https:\/\/www.pflegeberatung-hochstift.de\/?page_id=77"},"modified":"2024-12-05T20:28:44","modified_gmt":"2024-12-05T20:28:44","slug":"unterstuetzung","status":"publish","type":"page","link":"https:\/\/www.pflegeberatung-hochstift.de\/?page_id=77","title":{"rendered":"Unterst\u00fctzung \u00a7 45 b SGB XI"},"content":{"rendered":"\n<p><strong>Leistungen zur Unterst\u00fctzung <\/strong><\/p>\n\n\n\n<p>Der Entlastungsbetrag in H\u00f6he von 125 Euro im Monat ist daf\u00fcr gedacht, pflegende Angeh\u00f6rige bei ihrer Arbeit zu unterst\u00fctzen. Das Geld kann f\u00fcr verschiedene Dienstleistungen genutzt werden, etwa f\u00fcr Hilfen im Haushalt oder zur Betreuung des pflegebed\u00fcrftigen Menschen. Mit dem Entlastungsbetrag k\u00f6nnen auch die Kosten einer Kurzzeitpflege oder Tagespflege anteilig bezahlt werden.<\/p>\n\n\n\n<p>Der Entlastungsbetrag steht allen pflegebed\u00fcrftigen Menschen ab Pflegegrad 1 zu. Das Budget wird zus\u00e4tzlich zu allen anderen Leistungen der Pflegeversicherung gezahlt.<\/p>\n\n\n\n<p><strong>Angebot zur Entlastung der Pflegepersonen:<\/strong><\/p>\n\n\n\n<p>Diese Angebote dienen der gezielten Entlastung und Beratung pflegender Angeh\u00f6riger oder anderer nahestehender Personen. Dazu geh\u00f6ren zum Beispiel:<\/p>\n\n\n\n<ul class=\"wp-block-list\">\n<li>eine qualifizierte Pflegebegleitung<\/li>\n\n\n\n<li>eine feste Ansprechperson f\u00fcr Notsituationen<\/li>\n\n\n\n<li>Angebote zur Entlastung oder beratenden Unterst\u00fctzung von Pflegende<\/li>\n\n\n\n<li>Angebote zur Entlastung im Alltag des Pflegebed\u00fcrftigen<\/li>\n<\/ul>\n","protected":false},"excerpt":{"rendered":"<p>Leistungen zur Unterst\u00fctzung Der Entlastungsbetrag in H\u00f6he von 125 Euro im Monat ist daf\u00fcr gedacht, pflegende Angeh\u00f6rige bei ihrer Arbeit zu unterst\u00fctzen. Das Geld kann f\u00fcr verschiedene Dienstleistungen genutzt werden, etwa f\u00fcr Hilfen im Haushalt oder zur Betreuung des pflegebed\u00fcrftigen Menschen. Mit dem Entlastungsbetrag k\u00f6nnen auch die Kosten einer Kurzzeitpflege oder Tagespflege anteilig bezahlt werden. &hellip; <a href=\"https:\/\/www.pflegeberatung-hochstift.de\/?page_id=77\" class=\"more-link\"><span class=\"screen-reader-text\">Unterst\u00fctzung \u00a7 45 b SGB XI<\/span> weiterlesen<\/a><\/p>\n","protected":false},"author":2,"featured_media":0,"parent":0,"menu_order":0,"comment_status":"closed","ping_status":"closed","template":"","meta":{"footnotes":""},"class_list":["post-77","page","type-page","status-publish","hentry"],"_links":{"self":[{"href":"https:\/\/www.pflegeberatung-hochstift.de\/index.php?rest_route=\/wp\/v2\/pages\/77","targetHints":{"allow":["GET"]}}],"collection":[{"href":"https:\/\/www.pflegeberatung-hochstift.de\/index.php?rest_route=\/wp\/v2\/pages"}],"about":[{"href":"https:\/\/www.pflegeberatung-hochstift.de\/index.php?rest_route=\/wp\/v2\/types\/page"}],"author":[{"embeddable":true,"href":"https:\/\/www.pflegeberatung-hochstift.de\/index.php?rest_route=\/wp\/v2\/users\/2"}],"replies":[{"embeddable":true,"href":"https:\/\/www.pflegeberatung-hochstift.de\/index.php?rest_route=%2Fwp%2Fv2%2Fcomments&post=77"}],"version-history":[{"count":9,"href":"https:\/\/www.pflegeberatung-hochstift.de\/index.php?rest_route=\/wp\/v2\/pages\/77\/revisions"}],"predecessor-version":[{"id":201,"href":"https:\/\/www.pflegeberatung-hochstift.de\/index.php?rest_route=\/wp\/v2\/pages\/77\/revisions\/201"}],"wp:attachment":[{"href":"https:\/\/www.pflegeberatung-hochstift.de\/index.php?rest_route=%2Fwp%2Fv2%2Fmedia&parent=77"}],"curies":[{"name":"wp","href":"https:\/\/api.w.org\/{rel}","templated":true}]}}